e greatest common divisor of 270 and y?
45
Let z be 58/3*3 - -2. Let j = -36 + 62. Let v be j + (-3)/(-3)*(5 + -7). Calculate the highest common factor of z and v.
12
Let i(w) = 10*w + 60. Let u be i(18). Suppose -11*g = -5*g - u. Calculate the highest common factor of g and 100.
20
Let l be -3 + (-96)/(-28) + (233284/28 - -2). Calculate the greatest common factor of l and 6.
6
Let y(h) = 10*h - 266. Let j be y(27). Suppose 0 = -q + j*z + 83, -10*q = -7*q - 5*z - 263. What is the highest common divisor of 117 and q?
13
Let z(u) = u**2 + 4*u + 3. Let j be z(-4). Suppose -j*m + 7*m + 296 = 0. Let v = m + 120. What is the greatest common factor of v and 23?
23
Let d(m) = -5*m**2 - 8*m - 13. Let b(z) = 15*z**2 + 24*z + 39. Let j(x) = 3*b(x) + 8*d(x). Let a be j(-3). Calculate the highest common divisor of a and 51.
17
Let z be (-15)/(-21) + (-2)/(-7). Let n be z*6/(-4)*(-24)/9. Suppose -3*j - 2*r = -6*j + 56, 2*r - 84 = -n*j. Calculate the greatest common factor of 180 and j.
20
Let y(f) = -3*f**3 - 5*f**2 - 27*f + 35. Let z be y(-5). Calculate the highest common factor of 756 and z.
84
Let x(y) = -286*y**3 - y**2 - 3*y - 2. Let i be x(-1). Suppose -5*g = 41 - i. Let m = -12 + 26. Calculate the greatest common divisor of g and m.
7
Suppose -24 = 3*s - 4*s. Let c = 216 - -468. Suppose 14*p - 33*p = -c. Calculate the greatest common factor of p and s.
12
Let d(q) = 118*q**3 - 14*q**2 + 40*q - 89. Let w be d(4). Calculate the greatest common divisor of w and 302.
151
Suppose -11*x = -13*x + 84. Let m(b) = -b**3 + 2*b**2 + 4*b + 189. Let p be m(0). Calculate the greatest common divisor of x and p.
21
Let s be (0 - -25) + -8 + 14 + -3. Suppose 3*l - 5 + 35 = 3*i, -4*i + l + s = 0. Calculate the highest common factor of 438 and i.
6
Let j = 2169 + -2102. Calculate the greatest common divisor of 67 and j.
67
Let h(l) = 19*l**2 - 13*l - 26. Let p be h(-3). Let r(b) = 59*b**2 + 64*b + 122. Let x be r(-2). What is the highest common factor of x and p?
46
Let n = 10770 + -10074. Let y(k) = -44*k - 1. Let w be y(-2). What is the greatest common factor of n and w?
87
Let j = 10643 + -10523. What is the greatest common divisor of j and 88?
8
Suppose 5*b - 90 = -50. Let i = b + 9. What is the greatest common factor of 187 and i?
17
Let v(m) = -11*m + 14. Let b(u) = 35*u + 62. Let i be b(-2). Let z be v(i). What is the highest common factor of z and 12?
6
Let f(m) = 4*m**2 + 24*m - 134. Let s be f(4). Let n = -20 - -46. What is the greatest common factor of n and s?
26
Let r = 81181 + -51282. What is the greatest common factor of r and 29?
29
Suppose 107 = 4*h - 425. Suppose -4*w + 224 = 4*r, -w = -6*w + 4*r + 289. Calculate the highest common divisor of w and h.
19
Let f(y) be the first derivative of -3*y**2/2 + 4*y - 13. Let v be f(-3). Let h be (-156)/(-8)*(0 + 7 + -1). What is the highest common factor of h and v?
13
Let y(c) = -c + 25. Let b be (5*2)/(3*(-3)/27). Let q = b + 47. Let h be y(q). What is the highest common divisor of h and 8?
8
Suppose 0 = 13*p - 14708 - 6001. Calculate the highest common factor of 162 and p.
27
Suppose 0 = 26*f - 37*f + 440. Let p be (-1 - 39/6)*(-48)/5. What is the greatest common divisor of f and p?
8
Suppose -4*j = 3*j - 28. Let o be (9*j)/3 + -3. Let z be 1*4 - (-108)/o. What is the greatest common divisor of z and 128?
16
Suppose -13*c + 655 - 257 + 421 = 0. What is the highest common divisor of 2304 and c?
9
Let k(u) = -u**3 - 8*u**2 - 7*u - 7. Let t be k(-7). Let x be (t - -6 - 8) + 239. Calculate the highest common divisor of 40 and x.
10
Let y(s) = 2*s**3 + 6*s**2 - 20*s + 24. Let g(i) = -2*i**3 + 2*i**2 + 2*i + 2. Let x be g(-1). Let w be y(x). Calculate the highest common divisor of w and 21.
21
Let p be (-1 + 13)*2/8. Suppose 27 - 3 = p*m. What is the greatest common factor of 136 and m?
8
Suppose u - 573 - 1524 = -5*n, 5*n + 3*u - 2091 = 0. Calculate the greatest common factor of n and 330.
30
Suppose 105*j = 154 + 476. Let l(z) = 3*z - 6. Let a be l(4). Calculate the greatest common factor of j and a.
6
Let p = -375 + 935. What is the greatest common factor of p and 385?
35
Suppose 22*o - 684 = -16*o. Suppose -5*s = -o*s + 4420. What is the greatest common factor of 40 and s?
20
Let g(d) = d**2 - 256*d - 5457. Let m be g(-20). Let o(l) = -55*l**3 - 2*l**2 + 1. Let c be o(-1). What is the greatest common factor of c and m?
9
Let u = -51 - -48. Let o be 18 + u/5 + (-14)/10. Calculate the highest common divisor of o and 88.
8
Let v = -23 - -33. Let j(d) = -d**2 - 15*d - 20. Let t be j(-14). Let z(k) = 6*k**2 + 19*k + 8. Let b be z(t). What is the highest common factor of b and v?
10
Let b(a) be the second derivative of -a**5/20 + 19*a**4/12 - 35*a**3/6 + 27*a**2/2 + 11*a + 5. Let t be b(17). Calculate the highest common factor of 40 and t.
10
Let q be (-16)/40 + 7*(-12)/(-10). Suppose 4*u = -u + 15. Suppose w - 37 = -u*r, 2*w - 2*r = -2*w + 162. Calculate the highest common divisor of q and w.
8
Suppose -2*g + 927 = n, 4*g - 3*n + 2*n = 1845. Let i be 760/(-45)*-5 - (-4)/(-9). What is the greatest common divisor of i and g?
42
Let a(l) = 81*l + 14. Let y be a(-2). Let n = y + 204. Calculate the greatest common factor of 616 and n.
56
Let j = 223 + -244. Let u be ((-12)/j)/(((-4)/(-56))/1). Suppose -80 = -5*t + 5*r, 3*r = 3*t + 6*r - 24. Calculate the highest common factor of u and t.
4
Let j be (-4)/3*(-3)/2. Suppose 0 = j*n - 3*n + w + 4, n - 2 = -w. Let u = -590 - -614. Calculate the highest common factor of u and n.
3
Let p(u) = -2*u**3 - u**2 - 4*u + 264. Let c be p(0). Let m(i) = i**3 + 7*i**2 + 2*i. Let q be m(-6). Calculate the greatest common divisor of q and c.
24
Let s be (-100)/(-16) + 8/(-32). Let w(f) = f**3 - 2*f**2 - 8*f - 27. Let p be w(s). What is the highest common factor of 23 and p?
23
Let n(s) = 56*s - 194. Let f be n(-13). Let d = 978 + f. Suppose -3*v - 42 = -6*v. What is the highest common factor of d and v?
14
Let k(f) = -372*f - 496. Let p be k(-4). Calculate the highest common factor of 31 and p.
31
Suppose 23*n + 40 = 28*n. Let a be ((-10)/55)/((-1)/11). What is the greatest common factor of n and a?
2
Suppose 4*y = -5*j + 13657, -16*y - 3*j = -19*y + 10209. What is the highest common divisor of 32 and y?
16
Let a(w) = 32*w + 2910. Let h be a(-84). What is the greatest common divisor of 15 and h?
3
Let s be (8442/36)/(4/8). What is the highest common factor of s and 67?
67
Suppose 0*c - 56 = -2*c. Let f(w) = -7444*w - 66688. Let n be f(-9). Calculate the highest common divisor of c and n.
28
Suppose 65*z + 63*z = 136*z - 1144. What is the greatest common factor of 117 and z?
13
Suppose 1954 = 4*p + u + 182, 0 = -5*p - 3*u + 2208. Suppose -3*k - 3*o = -p, 8*k + o - 301 = 6*k. Calculate the highest common factor of k and 17.
17
Suppose -5*v + 2*n = -8 - 40, 5*n + 60 = 5*v. What is the highest common factor of 3272 and v?
8
Let g = 2789 - 1985. What is the greatest common factor of 48 and g?
12
Let j(h) = h**2 + 3*h - 102. Let k be j(-18). Suppose -172*w + 44 = -k*w. Suppose 0 = 3*z - 1 - 2. What is the greatest common factor of w and z?
1
Suppose 7*z - 28769 - 7435 = 0. What is the highest common divisor of 24 and z?
12
Suppose 4*f + 5 = 1, -2038 = -2*a + 4*f. Calculate the highest common factor of a and 226.
113
Suppose -308 = 56*j - 70*j. Let b be (15 - j) + (-308)/(-2). Let g be ((-14)/(-6))/(1/21). Calculate the highest common factor of g and b.
49
Suppose -2*a = -3*p - 0*p + 11, 0 = -4*a + 3*p - 25. Let g be a/14 - (-98)/(-4). Let b = g - -47. What is the highest common factor of 154 and b?
22
Let d(v) = v**2 + 6*v + 20. Let s be 3 - 1*4*(-17)/2. Let t = 28 - s. Let p be d(t). What is the greatest common factor of 94 and p?
47
Let p be (-8 + 170/15)/((-2)/(-135)). What is the highest common divisor of 1080 and p?
45
Let u(y) be the first derivative of -5*y**2/2 + 32*y - 14. Let b be u(0). Let g = b + -26. Calculate the highest common divisor of g and 66.
6
Let m(j) be the second derivative of -j**3/3 + 9*j**2/2 - 17*j. Let f be m(6). Let p be (f - -1)*2 + 68. Calculate the highest common factor of p and 16.
16
Let m = -27345 + 27409. What is the highest common divisor of 3248 and m?
16
Let x = 9807 + 214. Suppose 27*i - x = 1913. What is the highest common divisor of i and 78?
26
